{"id":6223,"date":"2023-05-02T20:48:08","date_gmt":"2023-05-02T20:48:08","guid":{"rendered":"https:\/\/content.lis-beth.de\/?page_id=6223"},"modified":"2026-05-03T17:30:06","modified_gmt":"2026-05-03T17:30:06","slug":"wow-%f0%9f%92%95-mom-muttertag-2023","status":"publish","type":"page","link":"https:\/\/content.lis-beth.de\/?page_id=6223","title":{"rendered":"MAMMA &#x1f495; MIA &#8211; Muttertag 2026"},"content":{"rendered":"<p><img loading=\"lazy\" decoding=\"async\" class=\"alignnone size-medium wp-image-11540\" src=\"https:\/\/content.lis-beth.de\/wp-content\/uploads\/2026\/05\/Beitragsbild-Homepage-300x300.png\" alt=\"\" width=\"300\" height=\"300\" srcset=\"https:\/\/content.lis-beth.de\/wp-content\/uploads\/2026\/05\/Beitragsbild-Homepage-300x300.png 300w, https:\/\/content.lis-beth.de\/wp-content\/uploads\/2026\/05\/Beitragsbild-Homepage-150x150.png 150w, https:\/\/content.lis-beth.de\/wp-content\/uploads\/2026\/05\/Beitragsbild-Homepage-600x600.png 600w, https:\/\/content.lis-beth.de\/wp-content\/uploads\/2026\/05\/Beitragsbild-Homepage-100x100.png 100w, https:\/\/content.lis-beth.de\/wp-content\/uploads\/2026\/05\/Beitragsbild-Homepage.png 700w\" sizes=\"auto, (max-width: 300px) 100vw, 300px\" \/><\/p>\n<p>MUTTERTAG BEI LISBETH:<\/p>\n<p>Wir sind am<\/p>\n<p>&#x1f495; <b> Samstag, 9. Mai 2026 von 8 &#8211; 16 Uhr <\/b><\/p>\n<p>und<\/p>\n<p>&#x1f495; <b> Sonntag, 10. Mai 2026 (Muttertag) von 9 &#8211; 13 Uhr <\/b><\/p>\n<p>f\u00fcr euch da! Eure Vorbestellungen nehmen wir sehr gerne bis einschlie\u00dflich <b> Donnerstag, 7. Mai 2026 <\/b>entgegen.<br \/>\nKlingelt einfach kurz unter der 07131 908 24 54 durch oder schreibt uns eine Mail an hallo@lis-beth.de<\/p>\n<p><span style=\"color: deeppink;\"> <b> WICHTIGE INFO: <\/b> <\/span><br \/>\nAm Sonntag, 10. Mai 2026 findet der diesj\u00e4hrige TROLLINGER MARATHON statt. Es kommt in diesem Zusammenhang zu Stra\u00dfensperrungen. Die Streckenf\u00fchrung findet ihr hier: <a href=\"https:\/\/www.google.com\/maps\/d\/u\/0\/viewer?mid=1HS7hhIdcwO6YSm9AD7A6iIdgzwYjB5WN&amp;ll=49.094922480168314%2C9.070543299161127&amp;z=12\" target=\"_blank\" rel=\"noopener\">Streckenf\u00fchrung Trolli 2026<\/a><br \/>\n&nbsp;<b>TIPP<\/b> f\u00fcr alle von au\u00dferhalb, insbesondere Richtung Talheim\/Ilsfeld\/Lauffen a.N.\/Untergruppenbach: Holt eure Blumen f\u00fcr den Muttertag sehr gerne bereits ganz entspannt am Samstag ab \ud83d\ude42 Aus Heilbronn erreicht ihr uns \u00fcber die Sommerh\u00f6he (Bildstra\u00dfe &gt; Erlachstra\u00dfe).<\/p>\n<p>Wir freuen uns auf euch!<\/p>\n<p>Herzliche Gr\u00fc\u00dfe<br \/>\nEuer Lisbeth Team<\/p>\n","protected":false},"excerpt":{"rendered":"<p>MUTTERTAG BEI LISBETH: Wir sind am &#x1f495; Samstag, 9. Mai 2026 von 8 &#8211; 16 Uhr und &#x1f495; Sonntag, 10. [&hellip;]<\/p>\n","protected":false},"author":1,"featured_media":0,"parent":0,"menu_order":0,"comment_status":"closed","ping_status":"closed","template":"","meta":{"inline_featured_image":false,"ngg_post_thumbnail":0,"footnotes":""},"class_list":["post-6223","page","type-page","status-publish","hentry"],"_links":{"self":[{"href":"https:\/\/content.lis-beth.de\/index.php?rest_route=\/wp\/v2\/pages\/6223","targetHints":{"allow":["GET"]}}],"collection":[{"href":"https:\/\/content.lis-beth.de\/index.php?rest_route=\/wp\/v2\/pages"}],"about":[{"href":"https:\/\/content.lis-beth.de\/index.php?rest_route=\/wp\/v2\/types\/page"}],"author":[{"embeddable":true,"href":"https:\/\/content.lis-beth.de\/index.php?rest_route=\/wp\/v2\/users\/1"}],"replies":[{"embeddable":true,"href":"https:\/\/content.lis-beth.de\/index.php?rest_route=%2Fwp%2Fv2%2Fcomments&post=6223"}],"version-history":[{"count":15,"href":"https:\/\/content.lis-beth.de\/index.php?rest_route=\/wp\/v2\/pages\/6223\/revisions"}],"predecessor-version":[{"id":11543,"href":"https:\/\/content.lis-beth.de\/index.php?rest_route=\/wp\/v2\/pages\/6223\/revisions\/11543"}],"wp:attachment":[{"href":"https:\/\/content.lis-beth.de\/index.php?rest_route=%2Fwp%2Fv2%2Fmedia&parent=6223"}],"curies":[{"name":"wp","href":"https:\/\/api.w.org\/{rel}","templated":true}]}}