{"id":667,"date":"2019-12-05T14:58:23","date_gmt":"2019-12-05T14:58:23","guid":{"rendered":"http:\/\/content.lis-beth.de\/?page_id=667"},"modified":"2023-10-01T15:49:50","modified_gmt":"2023-10-01T15:49:50","slug":"oeffnungszeiten-anfahrt","status":"publish","type":"page","link":"https:\/\/content.lis-beth.de\/?page_id=667","title":{"rendered":"\u00d6ffnungszeiten &#038; Anfahrt"},"content":{"rendered":"<h3>\u00d6ffnungszeiten<\/h3>\n<p>&nbsp;<br \/>\n<b> Montag<\/b>: 9.00 &#8211; 12.30 Uhr<br \/>\n<b> Dienstag- Freitag: <\/b> 9.00 &#8211; 12.30 Uhr und 14.00 &#8211; 18.00 Uhr<br \/>\n<b> Samstag <\/b>: 8.00 &#8211; 13.00 Uhr<br \/>\n&nbsp;<br \/>\n&nbsp;<\/p>\n<h3>Anfahrt<\/h3>\n<p>&nbsp;<br \/>\n<div id=\"wpgmza_map\" class=\"wpgmza_map\" data-settings='{\"id\":\"1\",\"map_title\":\"Meine erste Karte\",\"map_width\":\"100\",\"map_height\":\"400\",\"map_start_lat\":\"49.100332\",\"map_start_lng\":\"9.213815\",\"map_start_location\":\"49.10033201297537,9.213815040755435\",\"map_start_zoom\":\"18\",\"default_marker\":\"0\",\"type\":\"1\",\"alignment\":\"4\",\"directions_enabled\":\"1\",\"styling_enabled\":\"0\",\"styling_json\":\"\",\"active\":\"0\",\"kml\":\"\",\"bicycle\":\"0\",\"traffic\":\"0\",\"dbox\":\"1\",\"dbox_width\":\"100\",\"listmarkers\":\"0\",\"listmarkers_advanced\":\"0\",\"filterbycat\":\"0\",\"ugm_enabled\":\"0\",\"ugm_category_enabled\":\"0\",\"fusion\":\"\",\"map_width_type\":\"\\\\%\",\"map_height_type\":\"px\",\"mass_marker_support\":\"1\",\"ugm_access\":\"0\",\"order_markers_by\":\"1\",\"order_markers_choice\":\"2\",\"show_user_location\":\"0\",\"default_to\":\"\",\"other_settings\":{\"store_locator_enabled\":2,\"store_locator_distance\":2,\"store_locator_default_radius\":10,\"store_locator_not_found_message\":\"No results found in this location. Please try again.\",\"store_locator_bounce\":1,\"store_locator_query_string\":\"PLZ \\\/ Adresse:\",\"store_locator_default_address\":\"\",\"wpgmza_store_locator_restrict\":\"\",\"wpgmza_store_locator_radius_style\":\"modern\",\"map_max_zoom\":\"1\",\"transport_layer\":0,\"wpgmza_show_points_of_interest\":0,\"wpgmza_auto_night\":0}}' data-map-id='1' Data-maps-engine='open-layers' data-shortcode-attributes='{\"id\":\"1\"}' style=\"display:block; overflow:auto; width:100%; height:400px; float:left;\"><\/div><br \/>\n&nbsp; <b> Adresse: <\/b> Ilsfelder Str. 2, 74223 Flein<br \/>\n&nbsp; <b> Navieingabe: <\/b> Kellergasse 1, 74223 Flein<br \/>\n&nbsp;<br \/>\n&nbsp;<br \/>\nUnsere Florale Werkstatt befindet sich direkt im neuen Fleiner Rathaus (Kellergasse 1).<br \/>\n&nbsp;<br \/>\nWir verf\u00fcgen \u00fcber einen separaten Zugang auf der Nord-Ost Seite des Geb\u00e4udes. Wenn ihr einmal auf dem Platz vor dem Rathaus mit dem Brunnen steht, werdet ihr uns schnell entdecken.<\/p>\n<p>Wir verf\u00fcgen \u00fcber zwei eigene Kundenparkpl\u00e4tze seitlich neben dem Gesch\u00e4ft (Zufahrt \u00fcber die Ilsfelderstra\u00dfe). Weitere \u00f6ffentliche Parkpl\u00e4tze stehen rund um das Fleiner Rathaus zur Verf\u00fcgung. Schon gewusst? Direkt vor unserem Laden befindet sich au\u00dferdem eine  <a href=\"https:\/\/www.google.com\/search?q=lades%C3%A4ule%20flein&amp;rlz=1C1CHBF_deDE884DE884&amp;oq=lades%C3%A4ule+flein&amp;aqs=chrome..69i57j0i22i30.3463j0j4&amp;sourceid=chrome&amp;ie=UTF-8&amp;tbs=lf:1,lf_ui:3&amp;tbm=lcl&amp;sxsrf=APq-WBtDduKdwek9IHRHkyIEHKT92KWiEw:1650530263314&amp;rflfq=1&amp;num=10&amp;rldimm=2491619632937835522&amp;lqi=ChBsYWRlc8OkdWxlIGZsZWluWhgiEGxhZGVzw6R1bGUgZmxlaW4qBAgDEACSASFlbGVjdHJpY192ZWhpY2xlX2NoYXJnaW5nX3N0YXRpb26qARIQASoOIgpsYWRlc8OkdWxlKAU&amp;ved=2ahUKEwjLqKSw4KT3AhX0IMUKHe1FD90QvS56BAgEEAE&amp;sa=X&amp;rlst=f#rlfi=hd:;si:2491619632937835522,l,ChBsYWRlc8OkdWxlIGZsZWluWhgiEGxhZGVzw6R1bGUgZmxlaW4qBAgDEACSASFlbGVjdHJpY192ZWhpY2xlX2NoYXJnaW5nX3N0YXRpb26qARIQASoOIgpsYWRlc8OkdWxlKAU;mv:[[49.095538991966194,9.239233406470007],[49.075386519085455,9.174860390112585]]\" target=\"_blank\" rel=\"noopener\"> Ladestation der ZEAG <\/a>!<\/p>\n<p>Auch mit \u00f6ffentlichen Verkehrsmitteln erreicht ihr uns prima. An der Haltestelle &#8222;Rathaus&#8220; halten die Busse der Liniengruppe 60 der Heilbronner Verkehrsbetriebe.&nbsp;<\/p>\n","protected":false},"excerpt":{"rendered":"<p>\u00d6ffnungszeiten &nbsp; Montag: 9.00 &#8211; 12.30 Uhr Dienstag- Freitag: 9.00 &#8211; 12.30 Uhr und 14.00 &#8211; 18.00 Uhr Samstag : [&hellip;]<\/p>\n","protected":false},"author":1,"featured_media":0,"parent":0,"menu_order":0,"comment_status":"closed","ping_status":"closed","template":"","meta":{"inline_featured_image":false,"ngg_post_thumbnail":0,"footnotes":""},"class_list":["post-667","page","type-page","status-publish","hentry"],"_links":{"self":[{"href":"https:\/\/content.lis-beth.de\/index.php?rest_route=\/wp\/v2\/pages\/667","targetHints":{"allow":["GET"]}}],"collection":[{"href":"https:\/\/content.lis-beth.de\/index.php?rest_route=\/wp\/v2\/pages"}],"about":[{"href":"https:\/\/content.lis-beth.de\/index.php?rest_route=\/wp\/v2\/types\/page"}],"author":[{"embeddable":true,"href":"https:\/\/content.lis-beth.de\/index.php?rest_route=\/wp\/v2\/users\/1"}],"replies":[{"embeddable":true,"href":"https:\/\/content.lis-beth.de\/index.php?rest_route=%2Fwp%2Fv2%2Fcomments&post=667"}],"version-history":[{"count":17,"href":"https:\/\/content.lis-beth.de\/index.php?rest_route=\/wp\/v2\/pages\/667\/revisions"}],"predecessor-version":[{"id":7726,"href":"https:\/\/content.lis-beth.de\/index.php?rest_route=\/wp\/v2\/pages\/667\/revisions\/7726"}],"wp:attachment":[{"href":"https:\/\/content.lis-beth.de\/index.php?rest_route=%2Fwp%2Fv2%2Fmedia&parent=667"}],"curies":[{"name":"wp","href":"https:\/\/api.w.org\/{rel}","templated":true}]}}