{"id":702,"date":"2019-12-12T17:04:59","date_gmt":"2019-12-12T17:04:59","guid":{"rendered":"http:\/\/content.lis-beth.de\/?page_id=702"},"modified":"2022-04-21T13:21:05","modified_gmt":"2022-04-21T13:21:05","slug":"trauerfloristik","status":"publish","type":"page","link":"https:\/\/content.lis-beth.de\/?page_id=702","title":{"rendered":"Trauerfloristik"},"content":{"rendered":"<div id=\"pl-gb702-69d387b5e1ece\"  class=\"panel-layout\" ><div id=\"pg-gb702-69d387b5e1ece-0\"  class=\"panel-grid panel-no-style\" ><div id=\"pgc-gb702-69d387b5e1ece-0-0\"  class=\"panel-grid-cell\" ><div id=\"panel-gb702-69d387b5e1ece-0-0-0\" class=\"so-panel widget widget_themegrill_flash_image tg-widget tg-image-widget panel-first-child panel-last-child\" data-index=\"0\" ><div class=\"tg-image-block\">\r\n\t\t\t<img decoding=\"async\" src=\"https:\/\/content.lis-beth.de\/wp-content\/uploads\/2022\/04\/trauer-herz-klein.jpg\" alt=\"\" \/>\r\n\t\t<\/div>\r\n<\/div><\/div><\/div><\/div>\n\n<p>&nbsp;<\/p>\n<h4><font color=\"fd708f\">&#8222;Du bist nicht mehr da, wo du warst, aber du bist \u00fcberall, wo wir sind.&#8220; <\/font><\/h4>\n<p><font color=\"fd708f\"><em> Antoine de Saint-Exup\u00e9ry <\/em><\/font><\/p>\n<p align=\"jusitfy\">&nbsp;Blumen spenden Trost und helfen uns dabei von einem lieben Menschen Abschied zu nehmen. Mit viel Feingef\u00fchl und Erfahrung beraten wir dich individuell und setzen deine W\u00fcnsche um.<\/p>\n<p align=\"justify\">Die Trauerfloristik geh\u00f6rt zum pers\u00f6nlichsten und gleichzeitig vielf\u00e4ltigsten Teil unserer Arbeit, der uns sehr am Herzen liegt. Gleichzeitg ist sie oft mit Unsicherheit verbunden. Im Beratungsgespr\u00e4ch finden wir gemeinsam heraus, welches florale Werkst\u00fcck zum Verstorbenen\/zur Verstorbenen passt und deinem Verh\u00e4ltnis zu ihm\/ihr gerecht wird.<br>&nbsp;<br>Zu unseren Leistungen geh\u00f6ren:<\/p>\n<p>\u2022 Sarg- und Urnenschmuck<br>&nbsp;<br>\u2022 Ausschm\u00fcckung der Aussegnungshalle<br>&nbsp;<br>\u2022 Trauerkr\u00e4nze und Gestecke<br>&nbsp;<br>\u2022 Pflanzschalen<br>&nbsp;<br>\u2022 Trauerschleifen gedruckt oder ganz individuell von Hand beschrieben<br>&nbsp;<br>\u2022 Kondolenzstr\u00e4u\u00dfe und Trauerkarten<br>&nbsp;<br>\u2022 Einzelblumen und Bl\u00fctenbl\u00e4tter f\u00fcr die Beisetzung <br>&nbsp;<br>\u2022 Lieferservice<\/p>\n<p align=\"jusitfy\">Komm gerne in unserem Gesch\u00e4ft in Flein vorbei oder nimm telefonisch oder per E-Mail Kontakt mit uns auf. Wir sind gerne, auch kurzfristig, f\u00fcr dich da.<\/p>\n<p>&nbsp;<\/p>\n<p><em> Fotogalerie: <\/em><\/p>\n\n\nngg_shortcode_0_placeholder\n","protected":false},"excerpt":{"rendered":"<p>&nbsp; &#8222;Du bist nicht mehr da, wo du warst, aber du bist \u00fcberall, wo wir sind.&#8220; Antoine de Saint-Exup\u00e9ry &nbsp;Blumen [&hellip;]<\/p>\n","protected":false},"author":1,"featured_media":0,"parent":0,"menu_order":0,"comment_status":"closed","ping_status":"closed","template":"","meta":{"inline_featured_image":false,"ngg_post_thumbnail":0,"footnotes":""},"class_list":["post-702","page","type-page","status-publish","hentry"],"_links":{"self":[{"href":"https:\/\/content.lis-beth.de\/index.php?rest_route=\/wp\/v2\/pages\/702","targetHints":{"allow":["GET"]}}],"collection":[{"href":"https:\/\/content.lis-beth.de\/index.php?rest_route=\/wp\/v2\/pages"}],"about":[{"href":"https:\/\/content.lis-beth.de\/index.php?rest_route=\/wp\/v2\/types\/page"}],"author":[{"embeddable":true,"href":"https:\/\/content.lis-beth.de\/index.php?rest_route=\/wp\/v2\/users\/1"}],"replies":[{"embeddable":true,"href":"https:\/\/content.lis-beth.de\/index.php?rest_route=%2Fwp%2Fv2%2Fcomments&post=702"}],"version-history":[{"count":17,"href":"https:\/\/content.lis-beth.de\/index.php?rest_route=\/wp\/v2\/pages\/702\/revisions"}],"predecessor-version":[{"id":2576,"href":"https:\/\/content.lis-beth.de\/index.php?rest_route=\/wp\/v2\/pages\/702\/revisions\/2576"}],"wp:attachment":[{"href":"https:\/\/content.lis-beth.de\/index.php?rest_route=%2Fwp%2Fv2%2Fmedia&parent=702"}],"curies":[{"name":"wp","href":"https:\/\/api.w.org\/{rel}","templated":true}]}}